{"id":311,"date":"2020-01-08T20:45:21","date_gmt":"2020-01-08T20:45:21","guid":{"rendered":"http:\/\/www.arkya.es\/?page_id=311"},"modified":"2020-01-08T20:45:24","modified_gmt":"2020-01-08T20:45:24","slug":"el-libro-del-edificio","status":"publish","type":"page","link":"http:\/\/www.arkya.es\/?page_id=311","title":{"rendered":"EL LIBRO DEL EDIFICIO"},"content":{"rendered":"\n<figure class=\"wp-block-image size-large is-resized\"><img fetchpriority=\"high\" decoding=\"async\" src=\"http:\/\/www.arkya.es\/wp-content\/uploads\/2020\/01\/cd_CM1.jpg\" alt=\"\" class=\"wp-image-312\" width=\"291\" height=\"280\" srcset=\"http:\/\/www.arkya.es\/wp-content\/uploads\/2020\/01\/cd_CM1.jpg 727w, http:\/\/www.arkya.es\/wp-content\/uploads\/2020\/01\/cd_CM1-300x289.jpg 300w\" sizes=\"(max-width: 291px) 100vw, 291px\" \/><\/figure>\n\n\n\n<h2 class=\"wp-block-heading\">PARA QU\u00c9 SIRVE.<\/h2>\n\n\n\n<p>Es el manual de uso y mantenimiento del edificio, <\/p>\n\n\n\n<p>Seg\u00fan los materiales, sistemas, procesos constructivos, instalaciones y tipologia edificatoria de que se trate, ser\u00e1n  las actuaciones  de mantenimiento y conservaci\u00f3n de edificios de viviendas  para alargar la su vida \u00fatil del mismo de forma efectiva.<\/p>\n\n\n\n<p>En su contenido tambi\u00e9n se debe recoger todas las incidencias t\u00e9cnicas, jur\u00eddicas y administrativas del edificio.<\/p>\n\n\n\n<p> Ahora los promotores est\u00e1n obligados a entregarlo. La ley establece su necesidad. <\/p>\n\n\n\n<p>La obligatoriedad del libro del edificio viene del 6 de Mayo de 2000, fecha de entrada en vigor del\u00a0<strong>art. 7 de la Ley 38\/1999 de Ordenaci\u00f3n de la Edificaci\u00f3n (LOE)<\/strong>, y toda licencia\u00a0solicitada a partir de esa fecha, deber\u00e1 prever la realizaci\u00f3n del Libro. que contendr\u00e1 en este caso, del proyecto completo \u00a0con su memoria, planos definitivos, presupuesto, pliegos de condiciones y sus modificaciones y el\u00a0acta de recepci\u00f3n de obra \u00a0firmada por el promotor y constructor, adem\u00e1s de documentaci\u00f3n del\u00a0<strong>control de recepci\u00f3n en obra<\/strong>\u00a0de productos, equipos y sistemas (controles de calidad, control de suministros, ensayos,  instalaciones t\u00e9rmicas y equipos&#8230;<\/p>\n\n\n\n<p>El que su promotor no le haya facilitado el Libro  del edificio no exime de su obligatoriedad de disponer de un manual de mantenimiento, que incluya las pautas fundamentales.<\/p>\n\n\n\n<h2 class=\"wp-block-heading\">Pregunta tus dudas y pide presupuesto gratis.<\/h2>\n\n\n\n[wpforms id=\u00bb276&#8243; title=\u00bbfalse\u00bb description=\u00bbfalse\u00bb]\n\n\n\n<p><\/p>\n","protected":false},"excerpt":{"rendered":"<p>PARA QU\u00c9 SIRVE. Es el manual de uso y mantenimiento del edificio, Seg\u00fan los materiales, sistemas, procesos constructivos, instalaciones y &hellip; <a href=\"http:\/\/www.arkya.es\/?page_id=311\" class=\"more-link\">Sigue leyendo <span class=\"screen-reader-text\">EL LIBRO DEL EDIFICIO<\/span><\/a><\/p>\n","protected":false},"author":1,"featured_media":0,"parent":0,"menu_order":0,"comment_status":"closed","ping_status":"closed","template":"","meta":{"footnotes":""},"class_list":["post-311","page","type-page","status-publish","hentry"],"yoast_head":"<!-- This site is optimized with the Yoast SEO plugin v24.8.1 - https:\/\/yoast.com\/wordpress\/plugins\/seo\/ -->\n<title>EL LIBRO DEL EDIFICIO - arkya<\/title>\n<meta name=\"robots\" content=\"index, follow, max-snippet:-1, max-image-preview:large, max-video-preview:-1\" \/>\n<link rel=\"canonical\" href=\"http:\/\/www.arkya.es\/?page_id=311\" \/>\n<meta property=\"og:locale\" content=\"es_ES\" \/>\n<meta property=\"og:type\" content=\"article\" \/>\n<meta property=\"og:title\" content=\"EL LIBRO DEL EDIFICIO - arkya\" \/>\n<meta property=\"og:description\" content=\"PARA QU\u00c9 SIRVE. Es el manual de uso y mantenimiento del edificio, Seg\u00fan los materiales, sistemas, procesos constructivos, instalaciones y &hellip; Sigue leyendo EL LIBRO DEL EDIFICIO\" \/>\n<meta property=\"og:url\" content=\"http:\/\/www.arkya.es\/?page_id=311\" \/>\n<meta property=\"og:site_name\" content=\"arkya\" \/>\n<meta property=\"article:modified_time\" content=\"2020-01-08T20:45:24+00:00\" \/>\n<meta property=\"og:image\" content=\"http:\/\/www.arkya.es\/wp-content\/uploads\/2020\/01\/cd_CM1.jpg\" \/>\n<meta name=\"twitter:card\" content=\"summary_large_image\" \/>\n<meta name=\"twitter:label1\" content=\"Tiempo de lectura\" \/>\n\t<meta name=\"twitter:data1\" content=\"1 minuto\" \/>\n<script type=\"application\/ld+json\" class=\"yoast-schema-graph\">{\"@context\":\"https:\/\/schema.org\",\"@graph\":[{\"@type\":\"WebPage\",\"@id\":\"http:\/\/www.arkya.es\/?page_id=311\",\"url\":\"http:\/\/www.arkya.es\/?page_id=311\",\"name\":\"EL LIBRO DEL EDIFICIO - arkya\",\"isPartOf\":{\"@id\":\"https:\/\/www.arkya.es\/#website\"},\"primaryImageOfPage\":{\"@id\":\"http:\/\/www.arkya.es\/?page_id=311#primaryimage\"},\"image\":{\"@id\":\"http:\/\/www.arkya.es\/?page_id=311#primaryimage\"},\"thumbnailUrl\":\"http:\/\/www.arkya.es\/wp-content\/uploads\/2020\/01\/cd_CM1.jpg\",\"datePublished\":\"2020-01-08T20:45:21+00:00\",\"dateModified\":\"2020-01-08T20:45:24+00:00\",\"breadcrumb\":{\"@id\":\"http:\/\/www.arkya.es\/?page_id=311#breadcrumb\"},\"inLanguage\":\"es\",\"potentialAction\":[{\"@type\":\"ReadAction\",\"target\":[\"http:\/\/www.arkya.es\/?page_id=311\"]}]},{\"@type\":\"ImageObject\",\"inLanguage\":\"es\",\"@id\":\"http:\/\/www.arkya.es\/?page_id=311#primaryimage\",\"url\":\"http:\/\/www.arkya.es\/wp-content\/uploads\/2020\/01\/cd_CM1.jpg\",\"contentUrl\":\"http:\/\/www.arkya.es\/wp-content\/uploads\/2020\/01\/cd_CM1.jpg\",\"width\":727,\"height\":701},{\"@type\":\"BreadcrumbList\",\"@id\":\"http:\/\/www.arkya.es\/?page_id=311#breadcrumb\",\"itemListElement\":[{\"@type\":\"ListItem\",\"position\":1,\"name\":\"Portada\",\"item\":\"https:\/\/www.arkya.es\/\"},{\"@type\":\"ListItem\",\"position\":2,\"name\":\"EL LIBRO DEL EDIFICIO\"}]},{\"@type\":\"WebSite\",\"@id\":\"https:\/\/www.arkya.es\/#website\",\"url\":\"https:\/\/www.arkya.es\/\",\"name\":\"arkya-ITES-LICENCIAS-PROYECTOS-CERTIFICADOS\",\"description\":\"Otro sitio realizado con WordPress\",\"publisher\":{\"@id\":\"https:\/\/www.arkya.es\/#\/schema\/person\/409fdf94f9a880337a53eff9598851f5\"},\"potentialAction\":[{\"@type\":\"SearchAction\",\"target\":{\"@type\":\"EntryPoint\",\"urlTemplate\":\"https:\/\/www.arkya.es\/?s={search_term_string}\"},\"query-input\":{\"@type\":\"PropertyValueSpecification\",\"valueRequired\":true,\"valueName\":\"search_term_string\"}}],\"inLanguage\":\"es\"},{\"@type\":[\"Person\",\"Organization\"],\"@id\":\"https:\/\/www.arkya.es\/#\/schema\/person\/409fdf94f9a880337a53eff9598851f5\",\"name\":\"Beatriz\",\"image\":{\"@type\":\"ImageObject\",\"inLanguage\":\"es\",\"@id\":\"https:\/\/www.arkya.es\/#\/schema\/person\/image\/\",\"url\":\"http:\/\/www.arkya.es\/wp-content\/uploads\/2020\/01\/logo-Arkya-1-morado2.jpg\",\"contentUrl\":\"http:\/\/www.arkya.es\/wp-content\/uploads\/2020\/01\/logo-Arkya-1-morado2.jpg\",\"width\":189,\"height\":189,\"caption\":\"Beatriz\"},\"logo\":{\"@id\":\"https:\/\/www.arkya.es\/#\/schema\/person\/image\/\"}}]}<\/script>\n<!-- \/ Yoast SEO plugin. -->","yoast_head_json":{"title":"EL LIBRO DEL EDIFICIO - arkya","robots":{"index":"index","follow":"follow","max-snippet":"max-snippet:-1","max-image-preview":"max-image-preview:large","max-video-preview":"max-video-preview:-1"},"canonical":"http:\/\/www.arkya.es\/?page_id=311","og_locale":"es_ES","og_type":"article","og_title":"EL LIBRO DEL EDIFICIO - arkya","og_description":"PARA QU\u00c9 SIRVE. Es el manual de uso y mantenimiento del edificio, Seg\u00fan los materiales, sistemas, procesos constructivos, instalaciones y &hellip; Sigue leyendo EL LIBRO DEL EDIFICIO","og_url":"http:\/\/www.arkya.es\/?page_id=311","og_site_name":"arkya","article_modified_time":"2020-01-08T20:45:24+00:00","og_image":[{"url":"http:\/\/www.arkya.es\/wp-content\/uploads\/2020\/01\/cd_CM1.jpg","type":"","width":"","height":""}],"twitter_card":"summary_large_image","twitter_misc":{"Tiempo de lectura":"1 minuto"},"schema":{"@context":"https:\/\/schema.org","@graph":[{"@type":"WebPage","@id":"http:\/\/www.arkya.es\/?page_id=311","url":"http:\/\/www.arkya.es\/?page_id=311","name":"EL LIBRO DEL EDIFICIO - arkya","isPartOf":{"@id":"https:\/\/www.arkya.es\/#website"},"primaryImageOfPage":{"@id":"http:\/\/www.arkya.es\/?page_id=311#primaryimage"},"image":{"@id":"http:\/\/www.arkya.es\/?page_id=311#primaryimage"},"thumbnailUrl":"http:\/\/www.arkya.es\/wp-content\/uploads\/2020\/01\/cd_CM1.jpg","datePublished":"2020-01-08T20:45:21+00:00","dateModified":"2020-01-08T20:45:24+00:00","breadcrumb":{"@id":"http:\/\/www.arkya.es\/?page_id=311#breadcrumb"},"inLanguage":"es","potentialAction":[{"@type":"ReadAction","target":["http:\/\/www.arkya.es\/?page_id=311"]}]},{"@type":"ImageObject","inLanguage":"es","@id":"http:\/\/www.arkya.es\/?page_id=311#primaryimage","url":"http:\/\/www.arkya.es\/wp-content\/uploads\/2020\/01\/cd_CM1.jpg","contentUrl":"http:\/\/www.arkya.es\/wp-content\/uploads\/2020\/01\/cd_CM1.jpg","width":727,"height":701},{"@type":"BreadcrumbList","@id":"http:\/\/www.arkya.es\/?page_id=311#breadcrumb","itemListElement":[{"@type":"ListItem","position":1,"name":"Portada","item":"https:\/\/www.arkya.es\/"},{"@type":"ListItem","position":2,"name":"EL LIBRO DEL EDIFICIO"}]},{"@type":"WebSite","@id":"https:\/\/www.arkya.es\/#website","url":"https:\/\/www.arkya.es\/","name":"arkya-ITES-LICENCIAS-PROYECTOS-CERTIFICADOS","description":"Otro sitio realizado con WordPress","publisher":{"@id":"https:\/\/www.arkya.es\/#\/schema\/person\/409fdf94f9a880337a53eff9598851f5"},"potentialAction":[{"@type":"SearchAction","target":{"@type":"EntryPoint","urlTemplate":"https:\/\/www.arkya.es\/?s={search_term_string}"},"query-input":{"@type":"PropertyValueSpecification","valueRequired":true,"valueName":"search_term_string"}}],"inLanguage":"es"},{"@type":["Person","Organization"],"@id":"https:\/\/www.arkya.es\/#\/schema\/person\/409fdf94f9a880337a53eff9598851f5","name":"Beatriz","image":{"@type":"ImageObject","inLanguage":"es","@id":"https:\/\/www.arkya.es\/#\/schema\/person\/image\/","url":"http:\/\/www.arkya.es\/wp-content\/uploads\/2020\/01\/logo-Arkya-1-morado2.jpg","contentUrl":"http:\/\/www.arkya.es\/wp-content\/uploads\/2020\/01\/logo-Arkya-1-morado2.jpg","width":189,"height":189,"caption":"Beatriz"},"logo":{"@id":"https:\/\/www.arkya.es\/#\/schema\/person\/image\/"}}]}},"_links":{"self":[{"href":"http:\/\/www.arkya.es\/index.php?rest_route=\/wp\/v2\/pages\/311","targetHints":{"allow":["GET"]}}],"collection":[{"href":"http:\/\/www.arkya.es\/index.php?rest_route=\/wp\/v2\/pages"}],"about":[{"href":"http:\/\/www.arkya.es\/index.php?rest_route=\/wp\/v2\/types\/page"}],"author":[{"embeddable":true,"href":"http:\/\/www.arkya.es\/index.php?rest_route=\/wp\/v2\/users\/1"}],"replies":[{"embeddable":true,"href":"http:\/\/www.arkya.es\/index.php?rest_route=%2Fwp%2Fv2%2Fcomments&post=311"}],"version-history":[{"count":0,"href":"http:\/\/www.arkya.es\/index.php?rest_route=\/wp\/v2\/pages\/311\/revisions"}],"wp:attachment":[{"href":"http:\/\/www.arkya.es\/index.php?rest_route=%2Fwp%2Fv2%2Fmedia&parent=311"}],"curies":[{"name":"wp","href":"https:\/\/api.w.org\/{rel}","templated":true}]}}